of 1881772192.
2, 43, 107, 12781
List the prime factors of 114952171.
7499, 15329
What are the prime factors of 530223252?
2, 3, 13, 313, 10859
What are the prime factors of 263161485?
3, 5, 97, 60289
List the prime factors of 63503002.
2, 43, 67, 103, 107
List the prime factors of 32201792.
2, 7, 71879
List the prime factors of 272438206.
2, 136219103
What are the prime factors of 7434228?
2, 3, 179, 3461
What are the prime factors of 217622279?
7, 4441271
What are the prime factors of 135240733?
135240733
List the prime factors of 125129250.
2, 3, 5, 19, 2927
What are the prime factors of 272392165?
5, 1171, 46523
List the prime factors of 132679687.
7, 89, 212969
List the prime factors of 46024725.
3, 5, 23, 26681
List the prime factors of 3740978772.
2, 3, 29, 3583313
List the prime factors of 253263674.
2, 71, 1051, 1697
List the prime factors of 954675377.
954675377
What are the prime factors of 1134885608?
2, 37, 53, 72341
List the prime factors of 750971905.
5, 4007, 37483
List the prime factors of 50140151.
50140151
What are the prime factors of 356793591?
3, 7, 11, 47, 59, 557
What are the prime factors of 276804280?
2, 5, 397, 17431
What are the prime factors of 15371359?
15371359
What are the prime factors of 1403143791?
3, 7, 66816371
What are the prime factors of 1776255289?
1663, 1068103
List the prime factors of 143548393.
751, 191143
List the prime factors of 1563736801.
11, 142157891
List the prime factors of 4822577.
17, 31, 9151
List the prime factors of 1890001658.
2, 2081, 454109
What are the prime factors of 378228061?
378228061
List the prime factors of 3013261603.
11, 47, 727, 8017
What are the prime factors of 96317332?
2, 277, 86929
What are the prime factors of 582062678?
2, 79, 3683941
List the prime factors of 12374354.
2, 37, 167221
List the prime factors of 5532847.
5532847
What are the prime factors of 36247129?
29, 1249901
List the prime factors of 21112815.
3, 5, 53, 26557
List the prime factors of 36248463.
3, 29, 138883
List the prime factors of 1435861711.
19, 75571669
List the prime factors of 28560791.
7, 79, 51647
List the prime factors of 80374158.
2, 3, 4465231
List the prime factors of 1037705907.
3, 7, 49414567
List the prime factors of 91920290.
2, 5, 7, 11, 19, 61, 103
List the prime factors of 63533486.
2, 1451, 21893
What are the prime factors of 4731646949?
4731646949
What are the prime factors of 225014925?
3, 5, 3000199
List the prime factors of 163125781.
7, 13, 1792591
What are the prime factors of 377346721?
377346721
What are the prime factors of 60058085?
5, 12011617
List the prime factors of 3076447.
11, 307, 911
What are the prime factors of 1140689888?
2, 13, 31, 197, 449
What are the prime factors of 1362319096?
2, 1709, 99643
List the prime factors of 873854271.
3, 37, 874729
What are the prime factors of 714534089?
17, 42031417
List the prime factors of 74983184.
2, 67, 113, 619
What are the prime factors of 349577039?
7, 97, 514841
List the prime factors of 45363966.
2, 3, 7560661
What are the prime factors of 552550891?
29, 41, 541, 859
List the prime factors of 174161662.
2, 79, 223, 4943
List the prime factors of 1096786698.
2, 3, 7, 223, 16729
What are the prime factors of 778437757?
1879, 414283
List the prime factors of 372154652.
2, 113, 823351
List the prime factors of 44097607.
617, 71471
List the prime factors of 766380842.
2, 17, 4111, 5483
What are the prime factors of 3610960045?
5, 7, 11, 43, 79, 251
What are the prime factors of 143638435?
5, 89, 322783
List the prime factors of 1393156356.
2, 3, 1289, 90067
List the prime factors of 224146578.
2, 3, 37357763
What are the prime factors of 1713789?
3, 7, 11, 2473
What are the prime factors of 700415126?
2, 19, 199, 92623
What are the prime factors of 197730817?
83, 2382299
What are the prime factors of 274379393?
2437, 112589
What are the prime factors of 4175848274?
2, 13, 160609549
What are the prime factors of 340745250?
2, 3, 5, 67, 6781
List the prime factors of 5082057116.
2, 1270514279
List the prime factors of 105601257.
3, 23, 101, 5051
What are the prime factors of 74465691?
3, 83, 299059
List the prime factors of 1788780474.
2, 3, 13, 479, 15959
What are the prime factors of 151317867?
3, 17, 197, 15061
List the prime factors of 72463279.
7, 37, 127, 2203
List the prime factors of 238287040.
2, 5, 821, 907
What are the prime factors of 1624060?
2, 5, 81203
List the prime factors of 53871472.
2, 97, 103, 337
What are the prime factors of 1592917978?
2, 41, 19425829
List the prime factors of 269963305.
5, 19, 23, 123553
What are the prime factors of 1669860019?
941, 1774559
What are the prime factors of 1252892184?
2, 3, 52203841
List the prime factors of 765988903.
765988903
List the prime factors of 4459765849.
7, 11, 23, 228929
What are the prime factors of 24264105?
3, 5, 73, 22159
What are the prime factors of 82015495?
5, 19, 37, 23333
What are the prime factors of 160176962?
2, 11, 7280771
List the prime factors of 296466264.
2, 3, 17, 80737
What are the prime factors of 451803490?
2, 5, 23, 1964363
What are the prime factors of 120407524?
2, 2069, 14549
What are the prime factors of 92140609?
11, 1439, 5821
What are the prime factors of 477004792?
2, 11, 5420509
What are the prime factors of 73220097?
3, 24406699
What are the prime factors of 87787204?
2, 419, 52379
List the prime factors of 389145331.
641, 607091
What are the prime factors of 11166648?
2, 3, 465277
List the prime factors of 60806643.
3, 151, 269, 499
List the prime factors of 365575080.
2, 3, 5, 13, 234343
What are the prime factors of 33037590?
2, 3, 5, 1101253
What are the prime factors of 156215628?
2, 3, 37, 83, 157
What are the prime factors of 231654175?
5, 19, 29, 67, 251
List the prime factors of 260038902.
2, 3, 17, 19, 109, 1231
What are the prime factors of 211371362?
2, 105685681
What are the prime factors of 224746928?
2, 7, 439, 653
What are the prime factors of 228821460?
2, 3, 5, 7, 544813
What are the prime factors of 4645385112?
2, 3, 101, 1916413
What are the prime factors of 3576362428?
2, 37, 197, 122663
List the prime factors of 163316088.
2, 3, 13, 19387
List the prime factors of 25504430.
2, 5, 7, 364349
What are the prime factors of 612847641?
3, 7, 19, 1535959
What are the prime factors of 130369757?
7, 2879, 6469
What are the prime factors of 175232674?
2, 29, 131, 23063
What are the prime factors of 6257939729?
21517, 290837
List the prime factors of 511376.
2, 31, 1031
List the prime factors of 29460022.
2, 14730011
List the prime factors of 244922273.
101, 2424973
List the prime factors of 237396065.
5, 179, 265247
What are the prime factors of 3776011531?
19, 71, 2799119
List the prime factors of 618492517.
23, 509, 2297
List the prime factors of 97443695.
5, 31, 131, 4799
List the prime factors of 170925023.
41, 983, 4241
List the prime factors of 296607988.
2, 1091, 67967
What are the prime factors of 119536325?
5, 1559, 3067
List the prime factors of 392507450.
2, 5, 7850149
What are the prime factors of 322119635?
5, 19, 3390733
What are the prime factors of 147027602?
2, 2411, 30491
What are the prime factors of 75817967?
139, 233, 2341
List the prime factors of 2151360411.
3, 293, 751, 3259
What are the prime factors of 17006075?
5, 433, 1571
What are the prime factors of 31919670?
2, 3, 5, 157, 251
List the prime factors of 580589014.
2, 290294507
List the prime factors of 26595324.
2, 3, 7, 127, 277
List the prime factors of 219058861.
7, 4470589
List the prime factors of 89195088.
2, 3, 89, 20879
What are the prime factors of 74560507?
7, 1521643
What are the prime factors of 19362543?
3, 47, 53, 2591
List the prime factors of 95733229.
19, 509, 521
What are the prime factors of 831484645?
5, 7673, 21673
List the prime factors of 548921053.
53, 181, 57221
List the prime factors of 226421108.
2, 23, 2461099
List the prime factors of 352216543.
7, 47, 1070567
List the prime factors of 234348814.
2, 7, 1223, 13687
What are the prime factors of 4092227?
71, 57637
What are the prime factors of 4608868138?
2, 7, 41, 107, 75041
What are the prime factors of 92340640?
2, 5, 7, 29, 2843
What are the prime factors of 5579879302?
2, 19, 137, 1071817
What are the prime factors of 6100215672?
2, 3, 17